(-107)/c*(-3 - -6). Suppose 15 = -4*f + a. What are the prime factors of f?
23
List the prime factors of (-3 - (-21)/3)/(3/258).
2, 43
Let v = -28 + 91. Suppose -v = -n + 62. List the prime factors of n.
5
Let o = -126 + 5. Let h = 212 + o. Suppose 4*x - 162 - 7 = 3*m, -5*m = 2*x - h. What are the prime factors of x?
43
Let c(a) = -5*a - 10. Let w be 147/(-12) - 2/(-8). List the prime factors of c(w).
2, 5
Suppose 5*c - 344 = -5*b + 3*c, -4*b + 3*c = -266. Let t = b - -21. What are the prime factors of t?
89
Let s(v) = -v**2 + 13*v + 2. Let h = -47 - -57. List the prime factors of s(h).
2
What are the prime factors of ((-279)/(-57) - (-16)/152) + 838?
3, 281
Let g(j) = 168*j**2 + j. What are the prime factors of g(-1)?
167
Let r be -1 - -44 - (5 - 6). Let m be (-2)/4 + 10/4. Suppose -m*u - 2*u + r = 0. What are the prime factors of u?
11
Let m(r) = -r**2 + 10*r - 7. Let d be m(10). Let t = -11 - d. Let l = t - -9. What are the prime factors of l?
5
Suppose -108 = -4*n + 4. Suppose -33*w + n*w + 440 = 0. What are the prime factors of w?
2, 11
Suppose 85 = -2*x - 0*q + q, 2*x + 103 = -5*q. Let z = 91 + x. What are the prime factors of z?
47
Suppose g + 32 = -g. Let f be ((-6)/8)/(2/g). Suppose 40 = -p + f*p. List the prime factors of p.
2
List the prime factors of -4*(-2205)/18 + 6.
2, 31
Let i = -20 - -30. Suppose -3*d = 2*d - i. Suppose -3*l + 6 = -4*p - 20, d*p + 28 = 4*l. What are the prime factors of l?
2, 3
Suppose 9*m + 45 = 18*m. Suppose -p - 423 = -m*v + 860, 5*p + 15 = 0. What are the prime factors of v?
2
Suppose 0 = -13*h + 24414 - 1456. What are the prime factors of h?
2, 883
Let s(f) = -f**3 + 10*f**2 - 9*f + 103. What are the prime factors of s(9)?
103
Let n(m) = 1. Let p(o) = 11*o - 5. Let z(v) = -n(v) - p(v). Let k be z(5). What are the prime factors of (k/(-5) - 3)*5?
2, 3
Suppose 3*s = 2*w + 68, 3*s + s - 98 = -w. What are the prime factors of (s/5 - 2)/(4/60)?
2, 3, 7
Let p(m) = 7*m**2 + 5*m - 10. Let y(j) = -j**2 + 6*j + 10. Let o be y(8). What are the prime factors of p(o)?
2, 53
Suppose u - 29 = -k, 3*k - 90 = -3*u - k. What are the prime factors of u/4 - (2 - (-9)/(-6))?
2, 3
Suppose -6*t + 37 = -4*h - t, 4*h + 5*t - 13 = 0. List the prime factors of (732/6)/(4 + h).
2, 61
Let p(w) = -4*w + 6. Let o(q) = 3*q - 4. Let z(g) = 7*o(g) + 5*p(g). List the prime factors of z(3).
5
Suppose -3*n - 5*b = -0*n + 14, -3*b - 20 = -4*n. Suppose 2*g - g + n*s = 59, 4*g + s - 208 = 0. List the prime factors of g.
3, 17
Let o = -13 - -45. Let d = 25 + o. What are the prime factors of d?
3, 19
Let b = 41 + 416. List the prime factors of b.
457
List the prime factors of 2 + 24*150 - 2.
2, 3, 5
List the prime factors of (0 + (-2 - (504 - -4)))/(-1).
2, 3, 5, 17
Suppose 0 = -10*p + 4879 - 1269. List the prime factors of p.
19
Let h = 4557 + -1746. What are the prime factors of h?
3, 937
Let z(x) be the second derivative of 7*x**4/12 + x**3/3 + 3*x**2/2 - 33*x. Suppose 3 = -3*r - 3. List the prime factors of z(r).
3
Let u(m) = m**3 + 5*m**2 + 5*m + 5. Let q be u(-4). Let h(r) = 2*r. Let v be h(q). Suppose f - 5*k = 1, 0 = -f + 3*f - v*k - 10. List the prime factors of f.
2, 3
List the prime factors of -552*(104/(-17) - (-4)/34).
2, 3, 23
Let b(x) = -4*x + 17. Let o be b(6). List the prime factors of (o/(28/(-348)))/1.
3, 29
Let l(f) = -6*f**2 + 11*f + 4. Let d(j) = -j**2 + 1. Let g(v) = 4*d(v) - l(v). List the prime factors of g(9).
3, 7
Let y(i) = i**3 - 8*i**2 - 30*i + 264. List the prime factors of y(12).
2, 3, 5
Let s(z) = -z - 7. Suppose 35 = -0*c - 5*c. Let p be s(c). Suppose -4*q + 3*w + 132 = 0, p*w = 5*q + 2*w - 188. What are the prime factors of q?
2, 3
Let b be 1/(-2) - 2155/10. Let d = b - -464. List the prime factors of d.
2, 31
Let x be (-28)/(-21)*3/2. Suppose x*h = -j + 190, 4*h = -h. List the prime factors of j.
2, 5, 19
Suppose 3*x + 3*h - 1699 = -2*h, x - 567 = -h. What are the prime factors of x?
2, 71
Let n(t) = 5*t**2 - 5*t + 4. Let s be n(1). Let z(q) be the second derivative of q**5/20 - q**4/4 + 2*q**3/3 + 7*q**2/2 - 2*q. List the prime factors of z(s).
3, 13
Let j(y) = 17*y**3 + y**2 - y. Suppose 5*f - 15 = 0, -2*p - 5*f - 4 + 1 = 0. Let q = -8 - p. List the prime factors of j(q).
17
Suppose -12*g = -5*m - 7*g + 1850, 4*m = 3*g + 1478. List the prime factors of m.
2, 23
Let f be 1/(5 + 3136/(-628)). Suppose -2*l - 3*l + f = 3*k, -33 = -l - k. What are the prime factors of l?
29
Suppose 4*f - 40 = -5*o, 0*o = -2*o - f + 19. Suppose -u = -o - 24. Let l = u + -9. List the prime factors of l.
3
Let m = 108 + -103. Suppose -25 = -5*d, 0 = -y - 3*d + m*d + 251. List the prime factors of y.
3, 29
Let z(l) = -l**2 - l + 1. Let u(n) = -11*n**2 - 5*n + 6. Let b(o) = -u(o) + 5*z(o). Let r be b(1). Suppose -4 = 4*w - r*w. What are the prime factors of w?
2
Let j = -3648 - -6300. What are the prime factors of j?
2, 3, 13, 17
Let n(m) = m**3 + m**2 - 15*m + 14. List the prime factors of n(5).
89
Let s(m) = m**2 - 7*m + 5. Let j(n) = -n**2 + 6*n - 1. Let d be j(4). Let c be s(d). List the prime factors of c*(1 + 12/4).
2, 5
Suppose -2*p = -3*h + 5, -5*p + h - 2 = -3*h. Suppose -p*u - 49 + 215 = 0. Suppose 4*k + 5*m = 5*k - 25, -u = -5*k + 4*m. List the prime factors of k.
3, 5
Let t(d) = d**2 - 7*d + 2. Let y be t(5). What are the prime factors of y/36 + (-704)/(-9)?
2, 3, 13
Let p(m) = -m**3 - 23*m**2 - 60*m - 11. List the prime factors of p(-23).
37
Let i(b) = 64*b**3 + 2*b**2 + 5*b - 2. List the prime factors of i(4).
2, 3, 691
Suppose 1 + 5 = 3*m. Let w(r) = -r**3 + 2*r**2 + 2*r - 1. Let c be w(m). Suppose -v = c, 4*b - 68 = -0*v - 4*v. List the prime factors of b.
2, 5
Suppose 5*n + k - 4*k = 35, 0 = n + 5*k + 21. What are the prime factors of (40/(-12))/(n/(-126))?
3, 5, 7
Let d(k) be the third derivative of 5/8*k**4 + 0 - 1/60*k**5 - k**2 + 5/3*k**3 + 0*k. List the prime factors of d(15).
2, 5
Let z(v) = -26*v**3 + 4*v**2 + 3*v. Let d be z(-2). Let a = d - 151. Suppose 4*g - a - 61 = 0. What are the prime factors of g?
2
Suppose 6*m - 61 = 65. Suppose -4*r + a - m = 2*a, 0 = -3*r + 4*a - 11. List the prime factors of r/(-15) - (-68)/3.
23
Let j be (0 + 1)*(8 + -8). Let b be 0/((j - -1)*2). Suppose b*i + 238 = 7*i. List the prime factors of i.
2, 17
List the prime factors of (-1)/((-5)/4090) + -6 + 3.
5, 163
Suppose 0 = 2*o + 136 - 2424. What are the prime factors of o?
2, 11, 13
Let m = -3 + 5. What are the prime factors of 275/m + (-11)/22?
137
Let a = -1807 - -2762. What are the prime factors of a?
5, 191
Suppose 21 + 21 = 7*u. Suppose u*g = 9*g - 354. What are the prime factors of g?
2, 59
Let m(b) = b**3 - 15*b**2 - 13*b - 19. Let t = 47 - 31. List the prime factors of m(t).
29
Let s be 8 + (-8)/2 - 1. Suppose 4*m = 16, -n + 5*m = s*n - 84. Suppose -2*g - 4*b + n = 0, 3*g - 5*b - 22 - 17 = 0. List the prime factors of g.
13
Let x be (1/2 - (-545)/2) + 1. Suppose 3*l + x - 715 = 0. List the prime factors of l.
3, 7
Let o be 2/6 + 42/9. Suppose o*a - 85 = 120. What are the prime factors of a?
41
Let g be ((-42015)/(-18))/5 + (-2)/(-12). Let l = -209 + g. List the prime factors of l.
2, 3, 43
Let l(n) be the third derivative of 4*n**5/15 + n**4/6 + 5*n**3/6 - n**2. What are the prime factors of l(-2)?
61
Suppose -4*d = 1 + 7. Let o = d + 4. Suppose 0 = -2*u - o*u + 8. List the prime factors of u.
2
List the prime factors of (-188)/(-329)*(-4438)/(-4).
2, 317
Let f = 4 - -3. Suppose 0 = -4*r + f*r + 24. What are the prime factors of 447/21 + r/28?
3, 7
Let u be 164/(-10) - (-6)/15. Let l = u + 21. Let x(i) = i**2 + i + 1. What are the prime factors of x(l)?
31
Suppose -9*x - 216 = -6*x. List the prime factors of ((-80)/(-6))/((-12)/x).
2, 5
List the prime factors of 81*5/(15/4).
2, 3
Suppose -3*t - 4*p + 1050 = -t, -3*p = -3*t + 1548. What are the prime factors of t?
3, 173
Let i be (11/(-22))/((-2)/(-292)). Let z = i - -153. What are the prime factors of z?
2, 5
Suppose 0 = 4*v - 2*m - 1530, -3*v - 3*m + 1175 = m. List the prime factors of v.
5, 7, 11
Suppose -103 = 6*v + 59. Let t = v - -81. What are the prime factors of t?
2, 3
Suppose -51*x + 65*x = 26866. What are the prime factors of x?
19, 101
Let u(j) = 3*j**2 + 10*j + 3. Let b be u(-5). Suppose 4*x + 8 = b. Suppose 6 + 9 = x*w. What are the prime factors of w?
3